{"id":691,"date":"2014-11-05T12:25:20","date_gmt":"2014-11-05T11:25:20","guid":{"rendered":"http:\/\/escaleamap.free.fr\/?page_id=691"},"modified":"2023-07-22T20:18:12","modified_gmt":"2023-07-22T18:18:12","slug":"bieres","status":"publish","type":"page","link":"https:\/\/escale-amap.fr\/index.php\/produits-de-la-ferme\/bieres\/","title":{"rendered":"Bi\u00e8res"},"content":{"rendered":"\n<div>La section bi\u00e8re renait sous la formule de commandes group\u00e9es.<\/div>\n\n\n\n<div>&nbsp;<\/div>\n\n\n\n<div>Plus flexible et s&rsquo;inscrivant dans une d\u00e9marche de service suppl\u00e9mentaire apport\u00e9 aux adh\u00e9rents de l&rsquo;association, la section bi\u00e8re a choisi de faire confiance \u00e0 deux brasseries :<\/div>\n\n\n\n<div>&nbsp;<\/div>\n\n\n\n<h2 class=\"wp-block-heading\"><strong><a href=\"http:\/\/www.brasserie-du-midi.com\">1) la Brasserie du Midi<\/a><\/strong><\/h2>\n\n\n\n<div>Install\u00e9e depuis 2015 \u00e0 Montrab\u00e9, cette brasserie produit des bi\u00e8res certifi\u00e9es \u00ab\u00a0Agriculture Biologique\u00a0\u00bb \u00e0 base d&rsquo;orge Bio malt\u00e9 dans le Tarn et brass\u00e9es avec&nbsp;l&rsquo;eau de la Montagne Noire.<\/div>\n\n\n\n<div>&nbsp;<\/div>\n\n\n\n<div>Actuellement elle produit&nbsp;<a href=\"http:\/\/www.brasserie-du-midi.com\/Presentation-Bieres.pdf\" target=\"_blank\" rel=\"noopener noreferrer\"> 5 types de bi\u00e8res <\/a>disponibles en 33cl, 75cl et f\u00fbt de 30L pour vos \u00e9v\u00e8nements.<\/div>\n\n\n\n<div>&nbsp;<\/div>\n\n\n\n<div>N&rsquo;h\u00e9sitez pas \u00e0 vous renseigner aupr\u00e8s des adh\u00e9rents de la section ou du responsable de la section.<\/div>\n\n\n\n<div>&nbsp;<\/div>\n\n\n\n<div>&nbsp;<\/div>\n\n\n\n<h2 class=\"wp-block-heading\"><strong><a href=\"https:\/\/leveilleurdebieres.com\/\">2) Le veilleur de Bi\u00e8res<\/a><\/strong><\/h2>\n\n\n\n<div>Fond\u00e9 en 2016 au coeur de Muret, par un groupe d&rsquo;amateurs engag\u00e9s et ind\u00e9pendants, le Veilleur de Bi\u00e8res, propose une large gamme de bi\u00e8res bio, typ\u00e9es et de qualit\u00e9s, qui \u00e9voluent au fil des saisons.<\/div>\n\n\n\n<div>La Muretaine est produite \u00e0 partir de mati\u00e8res premi\u00e8res locales et d\u2019\u00e9nergies renouvelables.<\/div>\n\n\n\n<div>Elle se d\u00e9cline en deux gammes : les Permanentes, disponibles toute l\u2019ann\u00e9e, et les \u00c9ph\u00e9m\u00e8res, brass\u00e9es en fonction des saisons.<br clear=\"none\">La bi\u00e8re est produite de mani\u00e8re traditionnelle avec une garde prolong\u00e9e en bouteilles afin d&rsquo;offrir un go\u00fbt abouti.<\/div>\n\n\n\n<div>&nbsp;<\/div>\n\n\n<div class=\"wp-block-image\">\n<figure class=\"aligncenter\"><img loading=\"lazy\" decoding=\"async\" width=\"300\" height=\"158\" src=\"https:\/\/escale-amap.fr\/wp-content\/uploads\/2021\/12\/GAMME-PERMANENTE-700x368-1-300x158.png\" alt=\"\" class=\"wp-image-2189\" srcset=\"https:\/\/escale-amap.fr\/wp-content\/uploads\/2021\/12\/GAMME-PERMANENTE-700x368-1-300x158.png 300w, https:\/\/escale-amap.fr\/wp-content\/uploads\/2021\/12\/GAMME-PERMANENTE-700x368-1.png 700w\" sizes=\"auto, (max-width: 300px) 100vw, 300px\" \/><\/figure>\n<\/div>\n\n\n<div><\/div>\n\n\n\n<div>\u00ab\u00a0l&rsquo;abus d&rsquo;alcool est dangereux pour la sant\u00e9.\u00a0\u00bb<\/div>\n\n\n\n<div>&nbsp;<\/div>\n","protected":false},"excerpt":{"rendered":"<p>La section bi\u00e8re renait sous la formule de commandes group\u00e9es. &nbsp; Plus flexible et s&rsquo;inscrivant dans une d\u00e9marche de service suppl\u00e9mentaire apport\u00e9 aux adh\u00e9rents de l&rsquo;association, la section bi\u00e8re a choisi de faire confiance \u00e0 deux brasseries : &nbsp; 1) &hellip; <a href=\"https:\/\/escale-amap.fr\/index.php\/produits-de-la-ferme\/bieres\/\">Continuer la lecture <span class=\"meta-nav\">&rarr;<\/span><\/a><\/p>\n","protected":false},"author":1,"featured_media":0,"parent":142,"menu_order":0,"comment_status":"closed","ping_status":"open","template":"sidebar-page.php","meta":{"footnotes":""},"class_list":["post-691","page","type-page","status-publish","hentry"],"_links":{"self":[{"href":"https:\/\/escale-amap.fr\/index.php\/wp-json\/wp\/v2\/pages\/691","targetHints":{"allow":["GET"]}}],"collection":[{"href":"https:\/\/escale-amap.fr\/index.php\/wp-json\/wp\/v2\/pages"}],"about":[{"href":"https:\/\/escale-amap.fr\/index.php\/wp-json\/wp\/v2\/types\/page"}],"author":[{"embeddable":true,"href":"https:\/\/escale-amap.fr\/index.php\/wp-json\/wp\/v2\/users\/1"}],"replies":[{"embeddable":true,"href":"https:\/\/escale-amap.fr\/index.php\/wp-json\/wp\/v2\/comments?post=691"}],"version-history":[{"count":5,"href":"https:\/\/escale-amap.fr\/index.php\/wp-json\/wp\/v2\/pages\/691\/revisions"}],"predecessor-version":[{"id":2596,"href":"https:\/\/escale-amap.fr\/index.php\/wp-json\/wp\/v2\/pages\/691\/revisions\/2596"}],"up":[{"embeddable":true,"href":"https:\/\/escale-amap.fr\/index.php\/wp-json\/wp\/v2\/pages\/142"}],"wp:attachment":[{"href":"https:\/\/escale-amap.fr\/index.php\/wp-json\/wp\/v2\/media?parent=691"}],"curies":[{"name":"wp","href":"https:\/\/api.w.org\/{rel}","templated":true}]}}