{"id":1142,"date":"2016-05-25T10:54:20","date_gmt":"2016-05-25T09:54:20","guid":{"rendered":"http:\/\/escaleamap.free.fr\/?page_id=1142"},"modified":"2024-01-23T23:08:59","modified_gmt":"2024-01-23T22:08:59","slug":"tarifs","status":"publish","type":"page","link":"https:\/\/escale-amap.fr\/index.php\/tarifs\/","title":{"rendered":"Tarifs"},"content":{"rendered":"<p>Vous pouvez retrouver les tarifs sur la page de chaque produit (onglet \u00ab\u00a0Produits propos\u00e9s\u00a0\u00bb) ainsi que dans le d\u00e9tail de chaque contrat (<a title=\"Contrats\" href=\"https:\/\/escale-amap.fr\/index.php\/contrats\/\">Contrats<\/a>)<\/p>\n<p>Tarifs principaux :<\/p>\n<ul>\n<li><a title=\"L\u00e9gumes\" href=\"https:\/\/escale-amap.fr\/index.php\/produits-de-la-ferme\/legumes\/#tarifs-legumes\" target=\"_blank\" rel=\"noopener noreferrer\">L\u00e9gumes<\/a><\/li>\n<li><a title=\"Fruits\" href=\"https:\/\/escale-amap.fr\/index.php\/produits-de-la-ferme\/fruits\/#tarifs-fruits\" target=\"_blank\" rel=\"noopener noreferrer\">Fruits<\/a><\/li>\n<li><a title=\"Oeufs\" href=\"https:\/\/escale-amap.fr\/index.php\/produits-de-la-ferme\/oeufs\/#tarifs-oeufs\" target=\"_blank\" rel=\"noopener noreferrer\">Oeufs, farine, lentilles,<\/a> produits d\u00e9riv\u00e9s de volaille<\/li>\n<li><a title=\"Boeuf et veau\" href=\"https:\/\/escale-amap.fr\/index.php\/produits-de-la-ferme\/boeuf-et-veau\/#tarifs-boeuf-veau\" target=\"_blank\" rel=\"noopener noreferrer\">Boeuf et veau<\/a><\/li>\n<li><a title=\"Pain et farine\" href=\"https:\/\/escale-amap.fr\/index.php\/pain-2\/\" target=\"_blank\" rel=\"noopener noreferrer\">Pain<\/a><\/li>\n<\/ul>\n","protected":false},"excerpt":{"rendered":"<p>Vous pouvez retrouver les tarifs sur la page de chaque produit (onglet \u00ab\u00a0Produits propos\u00e9s\u00a0\u00bb) ainsi que dans le d\u00e9tail de chaque contrat (Contrats) Tarifs principaux : L\u00e9gumes Fruits Oeufs, farine, lentilles, produits d\u00e9riv\u00e9s de volaille Boeuf et veau Pain<\/p>\n","protected":false},"author":1,"featured_media":0,"parent":0,"menu_order":0,"comment_status":"closed","ping_status":"open","template":"sidebar-page.php","meta":{"footnotes":""},"class_list":["post-1142","page","type-page","status-publish","hentry"],"_links":{"self":[{"href":"https:\/\/escale-amap.fr\/index.php\/wp-json\/wp\/v2\/pages\/1142","targetHints":{"allow":["GET"]}}],"collection":[{"href":"https:\/\/escale-amap.fr\/index.php\/wp-json\/wp\/v2\/pages"}],"about":[{"href":"https:\/\/escale-amap.fr\/index.php\/wp-json\/wp\/v2\/types\/page"}],"author":[{"embeddable":true,"href":"https:\/\/escale-amap.fr\/index.php\/wp-json\/wp\/v2\/users\/1"}],"replies":[{"embeddable":true,"href":"https:\/\/escale-amap.fr\/index.php\/wp-json\/wp\/v2\/comments?post=1142"}],"version-history":[{"count":5,"href":"https:\/\/escale-amap.fr\/index.php\/wp-json\/wp\/v2\/pages\/1142\/revisions"}],"predecessor-version":[{"id":2773,"href":"https:\/\/escale-amap.fr\/index.php\/wp-json\/wp\/v2\/pages\/1142\/revisions\/2773"}],"wp:attachment":[{"href":"https:\/\/escale-amap.fr\/index.php\/wp-json\/wp\/v2\/media?parent=1142"}],"curies":[{"name":"wp","href":"https:\/\/api.w.org\/{rel}","templated":true}]}}